ose q + 5*p + 0*p = 66, 3*p + 15 = 0. What is the greatest common factor of 13 and q?
13
Suppose 0*l = -4*l + 112. Calculate the greatest common divisor of 7 and l.
7
Let n(u) be the third derivative of u**4/8 - u**3 - 3*u**2. Let b be n(7). Calculate the highest common divisor of 75 and b.
15
Suppose m - 4 - 2 = 0. Let s(g) = g**3 - 4*g**2 - 8*g + 9. Let k be s(m). What is the greatest common divisor of 11 and k?
11
Suppose -t = 2*w - 72, -w = 4*t + 3*w - 276. Let l = t - 39. What is the highest common divisor of l and 27?
27
Let r = -146 + 234. Let u(y) = -y**2 - 10*y - 8. Let f be u(-6). Suppose f + 0 = 2*t. Calculate the highest common divisor of t and r.
8
Suppose -5*z + 5*k = -300, k = 2*z + 5*k - 96. Calculate the highest common factor of 14 and z.
14
Suppose 4*m - 70 = -m + 5*x, 68 = 5*m - 4*x. Let g = 62 - m. Let j = -8 + 28. What is the highest common divisor of j and g?
10
Suppose -5*j + j + 56 = 0. Let h = 29 - j. Calculate the highest common divisor of 135 and h.
15
Let n be ((-9)/(-3))/((-6)/(-8)). Let u(k) = k**2 - 3*k - 1. Let c be u(3). Let x = c + n. Calculate the highest common divisor of 9 and x.
3
Suppose v + 46 - 52 = 0. What is the highest common divisor of 21 and v?
3
Suppose 4*x - d = 36 + 14, -5*x = 3*d - 54. Let p be 1060/6 - x/18. Calculate the highest common divisor of 16 and p.
16
Let w = -19 - -29. Calculate the greatest common factor of 30 and w.
10
Let m = 141 - 41. Suppose -40 = 2*t - 4*t. Calculate the greatest common factor of m and t.
20
Let y(s) = 2 + 24*s - 14*s - 21*s. Let f be 2*(-3)/(-4)*-2. Let b be y(f). What is the highest common divisor of b and 5?
5
Let m be 62 - ((-2)/(-3))/(4/(-6)). What is the highest common divisor of m and 9?
9
Let j(t) = -t**2. Let c be j(0). Suppose 4*l + 3*i = 33, c*i = l - i - 3. Calculate the highest common divisor of l and 9.
3
Let b be (3*8/(-6))/(-1). Suppose 3 - 1 = h. Let j be 6/2 + -1 + h. What is the highest common factor of j and b?
4
Let v(p) = -p**3 + 9*p**2 - 12*p + 12. Let x be v(7). What is the greatest common factor of 52 and x?
26
Let l(n) = -6 - 12*n - 2*n + 10*n**2 - 8*n**2. Let y be l(10). Let w be 1 + 0 - 0 - -5. Calculate the highest common divisor of y and w.
6
Let c = -6 + 11. Let z(j) = j**2 + j - 1. Let q be z(2). Calculate the highest common divisor of q and c.
5
Suppose -5*f - j = -4*j - 113, f = -3*j + 37. Calculate the highest common factor of f and 275.
25
Let b be (-3)/(-15) - 119/(-5). Let z = -12 + b. Calculate the highest common factor of z and 60.
12
Let w be 4/(-10)*15/10*-55. Let s be ((-44)/(-10))/(2/30). What is the highest common divisor of w and s?
33
Suppose -13 = -3*s - 2*n + 7, 0 = -2*s - 5*n - 5. What is the highest common divisor of 15 and s?
5
Let l be (-6 - 12)/((-6)/21). Calculate the greatest common factor of 14 and l.
7
Suppose -j = -2 - 6. Let l be 4/j*4/(-2). Let x be (0 - l)/(-3)*-27. Calculate the highest common factor of x and 27.
9
Let h(i) = -i**2 + 7*i + 22. Let y be h(5). Calculate the highest common divisor of 4 and y.
4
Let f be (-1)/(-3) + (-28)/(-6). Let k = 7 - f. Let n be 26 - k/(1 - 0). Calculate the highest common divisor of n and 16.
8
Suppose 5*u - 2*t - 95 = 0, -21 = 2*u + 4*t - 83. Calculate the greatest common divisor of 15 and u.
3
Suppose 2*d + 3 - 5 = 0. Let v = -666 - -667. What is the greatest common divisor of d and v?
1
Suppose -5*x = 2*j - 670, 304 + 245 = 4*x - j. Calculate the highest common divisor of x and 34.
34
Suppose -2 - 1 = -o. Suppose 21 + 3 = 2*w. What is the greatest common factor of o and w?
3
Let d = 3 - -15. Let l be d/(-4)*18/(-27). What is the greatest common factor of l and 27?
3
Let s be 12 + (-4 - -3)*3. What is the highest common factor of 18 and s?
9
Suppose 0 = 4*a - 8 - 4, -22 = -5*s + a. Calculate the highest common factor of 5 and s.
5
Suppose -8*m + 3*m + 30 = 0. Suppose -6 = -n + 3. Calculate the greatest common divisor of n and m.
3
Let o be (0 - -2) + -1 + 219. Let z(w) = 5*w**2. Let c be z(-2). Calculate the highest common divisor of o and c.
20
Let o = -27 - -30. Calculate the greatest common divisor of 2 and o.
1
Let a(c) = c**3 - 9*c**2 - 3*c + 33. Let u be a(9). What is the highest common factor of u and 1?
1
Let k(a) = a**2 - 8*a + 10. Let s be k(9). Suppose 20 = 5*l - o, -s = -2*l + 4*o + 7. Suppose -4*z - 15 = -51. Calculate the highest common factor of l and z.
3
Let d(p) = 3*p + 2*p - 2 - 1. Let t be d(3). Suppose 4*n - n - 288 = 0. Calculate the greatest common factor of n and t.
12
Let b be ((-15)/(-2))/(-1)*-14. What is the highest common divisor of 21 and b?
21
Let c be (-122)/(-8) - (-1)/(-4). Let z be 2/(-10) + (-1358)/10. Let p be 6/6*(-1 - z). What is the greatest common divisor of p and c?
15
Suppose -26 = -2*w - 5*n - 1, 3*w = -5*n + 30. Suppose 4 - 5 = -g. What is the greatest common divisor of g and w?
1
Suppose -7*g = -2*g + 30. Let z = g - -14. Calculate the greatest common factor of 48 and z.
8
Let q(a) be the third derivative of -a**5/60 - a**4/2 - 11*a**3/6 + 2*a**2. Let y be q(-8). Let b = 13 + -10. What is the greatest common factor of y and b?
3
Let o(g) = -10*g + 3. Let p be o(-1). What is the greatest common divisor of 13 and p?
13
Let p be (20/(-8))/(1/(-2)). Suppose -p*h - 9 = 2*c - c, 5*h + 39 = 4*c. What is the highest common factor of 3 and c?
3
Let g = -71 - -86. Let u(a) = a**2 - 4*a - 2. Let t be u(-4). What is the greatest common factor of g and t?
15
Suppose i - 9 = k, 3 = -i - k + 2. Suppose -10*z + 48 = 2*z. Calculate the highest common divisor of z and i.
4
Let h be 6/(-15) - (-37)/5. Let a(w) = 8*w - 10. Let d be a(3). What is the highest common factor of d and h?
7
Suppose -5*h + 87 = -118. Let z = h + -23. Calculate the highest common divisor of z and 54.
18
Suppose d + 2 = -s, -4*d + 2*d = 5*s - 2. Let x = 2 + s. Suppose 2*i = 5*v + 26 + 2, i + x*v - 1 = 0. Calculate the highest common divisor of 9 and i.
9
Let j be 78 + 3 + -4 + -1. Let z be 655/35 + 8/28. Calculate the highest common factor of z and j.
19
Suppose 2*f - 9*f = -595. What is the greatest common factor of f and 17?
17
Suppose 0 = -0*a - 5*a + 5*k + 985, 0 = 3*a + 4*k - 598. Let p be 2 + (-24)/(-9)*6. Calculate the greatest common divisor of a and p.
18
Let g = -63 - -126. What is the greatest common factor of 7 and g?
7
Suppose 4*u = -2*q + 4*q + 64, 4*u + 5*q = 92. Let a = 34 - u. What is the greatest common divisor of a and 64?
16
Let h(s) = s + 8. Let y(f) = -f - 7. Let m(j) = 5*h(j) + 6*y(j). Let d be m(-9). What is the greatest common divisor of 56 and d?
7
Suppose 720 = -0*j + 4*j. Suppose p + 2 = 1. Let a be -2 + 22 - (p - -1). What is the highest common factor of a and j?
20
Let k be 1/(-2) + 2/4. Suppose k = -a + 17 - 5. What is the greatest common factor of 24 and a?
12
Let j(f) = 3*f**2 + f. Let t be j(-1). Suppose -36 = 6*b - 54. What is the greatest common factor of t and b?
1
Let u be 4/(-7)*14*(-3)/12. Let g(o) = -5*o - 8. Let q be g(-6). Calculate the greatest common divisor of u and q.
2
Let i be 216/(0 - (0 + -1)). Let b(g) = -24*g - 24. Let f be b(-2). What is the greatest common factor of i and f?
24
Let a(r) = r**2 - 5*r + 4. Let b be a(3). Let z be ((-12)/18)/(b/45). Calculate the greatest common factor of 6 and z.
3
Suppose -4*c + 144 = -2*c. Calculate the highest common divisor of 180 and c.
36
Let x be 8/1*(-33)/(-6). What is the highest common divisor of x and 66?
22
Suppose 4*u - 11 = 5*r - 121, u + 41 = 2*r. What is the greatest common factor of r and 12?
6
Let j(t) be the second derivative of -t**5/20 + t**4/2 + 7*t**3/6 + 3*t**2 + 2*t. Let r be j(7). What is the highest common factor of 1 and r?
1
Let c(h) be the third derivative of h**5/60 - h**4/3 + 3*h**3/2 + 2*h**2. Let y be c(9). Calculate the highest common divisor of 9 and y.
9
Let t = 46 + -81. Let k = t + 69. Let m be 84 - 1/(1 + -2). Calculate the greatest common divisor of m and k.
17
Suppose 3*y - 226 = 3*m + 23, 3*y - 4*m = 244. Calculate the highest common divisor of y and 11.
11
Let s(t) = -t**2 - 13*t + 2. Let n be s(-10). Suppose -3*a - 77 = -4*a - 3*z, 0 = -4*a + 2*z + 322. What is the highest common factor of n and a?
16
Suppose -5*x = 2*o - 84, -2*x + 18 + 4 = -5*o. Suppose 2*z + 4*a - 8 = 0, -5*z - 4*a + 15 = -17. Calculate the greatest common 